{"id":237,"date":"2026-05-05T10:01:55","date_gmt":"2026-05-05T07:01:55","guid":{"rendered":"https:\/\/te26ntteo.okuserveri.com\/?page_id=237"},"modified":"2026-05-05T10:17:55","modified_gmt":"2026-05-05T07:17:55","slug":"meista","status":"publish","type":"page","link":"https:\/\/te26ntteo.okuserveri.com\/meista\/","title":{"rendered":"Meist\u00e4"},"content":{"rendered":"\t\t<div data-elementor-type=\"wp-page\" data-elementor-id=\"237\" class=\"elementor elementor-237\">\n\t\t\t\t<div class=\"elementor-element elementor-element-e920b4e e-flex e-con-boxed e-con e-parent\" data-id=\"e920b4e\" data-element_type=\"container\" data-e-type=\"container\" data-settings=\"{&quot;background_background&quot;:&quot;classic&quot;}\">\n\t\t\t\t\t<div class=\"e-con-inner\">\n\t\t\t\t<div class=\"elementor-element elementor-element-fe108c4 elementor-widget elementor-widget-heading\" data-id=\"fe108c4\" data-element_type=\"widget\" data-e-type=\"widget\" data-widget_type=\"heading.default\">\n\t\t\t\t\t<h2 class=\"elementor-heading-title elementor-size-default\">Linnea Collection<\/h2>\t\t\t\t<\/div>\n\t\t\t\t<div class=\"elementor-element elementor-element-70ed5ff elementor-widget elementor-widget-text-editor\" data-id=\"70ed5ff\" data-element_type=\"widget\" data-e-type=\"widget\" data-widget_type=\"text-editor.default\">\n\t\t\t\t\t\t\t\t\t<p class=\"kt-adv-heading95_ea9a7d-16 wp-block-kadence-advancedheading\" data-kb-block=\"kb-adv-heading95_ea9a7d-16\">Linnea Collection sai alkunsa rakkaudesta kukkien kauneuteen ja luovuuden iloon. Tarjoamme k\u00e4sin tehtyj\u00e4, aidon n\u00e4k\u00f6isi\u00e4 silkkikukkakoristeita, jotka tuovat kest\u00e4v\u00e4\u00e4 kauneutta juhliin ja tapahtumiin.<\/p>\n<p class=\"kt-adv-heading95_bb621f-cb wp-block-kadence-advancedheading\" data-kb-block=\"kb-adv-heading95_bb621f-cb\">J\u00e4rjest\u00e4mme my\u00f6s inspiroivaa kukkasidonnan opetusta, joissa jaamme tietoa ja taitoa kukkien maailmasta.<\/p>\n<p class=\"kt-adv-heading95_1320c5-ae wp-block-kadence-advancedheading\" data-kb-block=\"kb-adv-heading95_1320c5-ae\">Meid\u00e4n kanssamme kukat eiv\u00e4t koskaan kuihdu \u2013 ne kukoistavat ajattomasti.<\/p>\t\t\t\t\t\t\t\t<\/div>\n\t\t<div class=\"elementor-element elementor-element-2f873d3 e-con-full e-flex e-con e-child\" data-id=\"2f873d3\" data-element_type=\"container\" data-e-type=\"container\">\n\t\t<div class=\"elementor-element elementor-element-0cec213 e-con-full e-flex e-con e-child\" data-id=\"0cec213\" data-element_type=\"container\" data-e-type=\"container\">\n\t\t\t\t<div class=\"elementor-element elementor-element-d38810e elementor-widget elementor-widget-text-editor\" data-id=\"d38810e\" data-element_type=\"widget\" data-e-type=\"widget\" data-widget_type=\"text-editor.default\">\n\t\t\t\t\t\t\t\t\t<p class=\"kt-adv-heading12_cc2567-e6 wp-block-kadence-advancedheading\" data-kb-block=\"kb-adv-heading12_cc2567-e6\">Linnea Collection on esteettinen ja ajaton kukkamaailma, jossa yhdistyv\u00e4t silkkikasvistailaus ja floristiikan opetus. Luomme huolella suunniteltuja silkkikasviratkaisuja, jotka tuovat tiloihin vihreytt\u00e4, tunnelmaa ja kest\u00e4v\u00e4\u00e4 kauneutta \u2026ilman huoltoa, vuodenajasta riippumatta.<\/p><p class=\"kt-adv-heading12_ad8627-63 wp-block-kadence-advancedheading\" data-kb-block=\"kb-adv-heading12_ad8627-63\">Linnea Collectionin taustalla olen min\u00e4, Heini. Olen luova tekij\u00e4, jonka intohimona on luoda silkkikasveista ajattomia, rauhaa ja kauneutta huokuvia kokonaisuuksia. Minulla on yli 20<strong>\u2013<\/strong>vuoden kokemus floristiselta alalta el\u00e4vien kukkien parissa ja pitk\u00e4 historia kukkakauppiaana.<\/p><p class=\"kt-adv-heading12_9f7c8a-1b wp-block-kadence-advancedheading\" data-kb-block=\"kb-adv-heading12_9f7c8a-1b\">Vuosien ty\u00f6skentelyel\u00e4vien kukkien parissa sai minut etsim\u00e4\u00e4n vaihtoehtoja, joissa kauneus s\u00e4ilyy pidemp\u00e4\u00e4n. silkkikasveihin siirtyminen syntyi halusta luoda jotain pysyv\u00e4mp\u00e4\u00e4 kauneutta, joka ei kuihdu, vaan s\u00e4ilyy osana arkea ja tilaa.<\/p><div class=\"wp-block-column is-layout-flow wp-block-column-is-layout-flow\"><p class=\"kt-adv-heading12_2201e3-07 wp-block-kadence-advancedheading\" data-kb-block=\"kb-adv-heading12_2201e3-07\">Linnea Collection Oy<br \/>Heini 050 495 2326<br \/>myynti@linneacollection.fi<br \/><a id=\"https:\/\/linneacollection.fi\/contact\/\" href=\"https:\/\/linneacollection.fi\/contact\/\" type=\"link\">Yhteydenottolomake<\/a><\/p><\/div><div class=\"wp-block-column is-layout-flow wp-block-column-is-layout-flow\">\u00a0<\/div>\t\t\t\t\t\t\t\t<\/div>\n\t\t\t\t<\/div>\n\t\t\t\t<div class=\"elementor-element elementor-element-56065e2 elementor-widget elementor-widget-image\" data-id=\"56065e2\" data-element_type=\"widget\" data-e-type=\"widget\" data-widget_type=\"image.default\">\n\t\t\t\t\t\t\t\t\t\t\t\t\t\t\t<img fetchpriority=\"high\" decoding=\"async\" width=\"633\" height=\"950\" src=\"https:\/\/te26ntteo.okuserveri.com\/wp-content\/uploads\/2026\/05\/heini_ikonen_profiilikuva.webp\" class=\"attachment-large size-large wp-image-239\" alt=\"\" srcset=\"https:\/\/te26ntteo.okuserveri.com\/wp-content\/uploads\/2026\/05\/heini_ikonen_profiilikuva.webp 633w, https:\/\/te26ntteo.okuserveri.com\/wp-content\/uploads\/2026\/05\/heini_ikonen_profiilikuva-200x300.webp 200w\" sizes=\"(max-width: 633px) 100vw, 633px\" \/>\t\t\t\t\t\t\t\t\t\t\t\t\t\t\t<\/div>\n\t\t\t\t<\/div>\n\t\t\t\t<div class=\"elementor-element elementor-element-65b62eb elementor-widget elementor-widget-text-editor\" data-id=\"65b62eb\" data-element_type=\"widget\" data-e-type=\"widget\" data-widget_type=\"text-editor.default\">\n\t\t\t\t\t\t\t\t\t<p>Postituslistaus voidaan laittaa t\u00e4h\u00e4n<\/p>\t\t\t\t\t\t\t\t<\/div>\n\t\t\t\t\t<\/div>\n\t\t\t\t<\/div>\n\t\t\t\t<\/div>\n\t\t","protected":false},"excerpt":{"rendered":"<p>Linnea Collection Linnea Collection sai alkunsa rakkaudesta kukkien kauneuteen ja luovuuden iloon. Tarjoamme k\u00e4sin tehtyj\u00e4, aidon n\u00e4k\u00f6isi\u00e4 silkkikukkakoristeita, jotka tuovat kest\u00e4v\u00e4\u00e4 kauneutta juhliin ja tapahtumiin. J\u00e4rjest\u00e4mme my\u00f6s inspiroivaa kukkasidonnan opetusta, joissa jaamme tietoa ja taitoa kukkien maailmasta. Meid\u00e4n kanssamme kukat eiv\u00e4t koskaan kuihdu \u2013 ne kukoistavat ajattomasti. Linnea Collection on esteettinen ja ajaton kukkamaailma, jossa&#8230;<\/p>\n","protected":false},"author":1,"featured_media":0,"parent":0,"menu_order":0,"comment_status":"closed","ping_status":"closed","template":"","meta":{"_kad_post_transparent":"","_kad_post_title":"hide","_kad_post_layout":"fullwidth","_kad_post_sidebar_id":"","_kad_post_content_style":"unboxed","_kad_post_vertical_padding":"hide","_kad_post_feature":"hide","_kad_post_feature_position":"","_kad_post_header":false,"_kad_post_footer":false,"_kad_post_classname":"","footnotes":""},"class_list":["post-237","page","type-page","status-publish","hentry"],"_links":{"self":[{"href":"https:\/\/te26ntteo.okuserveri.com\/wp-json\/wp\/v2\/pages\/237","targetHints":{"allow":["GET"]}}],"collection":[{"href":"https:\/\/te26ntteo.okuserveri.com\/wp-json\/wp\/v2\/pages"}],"about":[{"href":"https:\/\/te26ntteo.okuserveri.com\/wp-json\/wp\/v2\/types\/page"}],"author":[{"embeddable":true,"href":"https:\/\/te26ntteo.okuserveri.com\/wp-json\/wp\/v2\/users\/1"}],"replies":[{"embeddable":true,"href":"https:\/\/te26ntteo.okuserveri.com\/wp-json\/wp\/v2\/comments?post=237"}],"version-history":[{"count":5,"href":"https:\/\/te26ntteo.okuserveri.com\/wp-json\/wp\/v2\/pages\/237\/revisions"}],"predecessor-version":[{"id":254,"href":"https:\/\/te26ntteo.okuserveri.com\/wp-json\/wp\/v2\/pages\/237\/revisions\/254"}],"wp:attachment":[{"href":"https:\/\/te26ntteo.okuserveri.com\/wp-json\/wp\/v2\/media?parent=237"}],"curies":[{"name":"wp","href":"https:\/\/api.w.org\/{rel}","templated":true}]}}